{"id":3334,"date":"2023-05-22T13:17:18","date_gmt":"2023-05-22T13:17:18","guid":{"rendered":"https:\/\/arsatis.fr\/?page_id=3334"},"modified":"2023-05-25T07:48:04","modified_gmt":"2023-05-25T07:48:04","slug":"mentions-legales","status":"publish","type":"page","link":"https:\/\/arsatis.fr\/?page_id=3334","title":{"rendered":"Mentions l\u00e9gales"},"content":{"rendered":"\t\t<div data-elementor-type=\"wp-page\" data-elementor-id=\"3334\" class=\"elementor elementor-3334\">\n\t\t\t\t\t\t<section class=\"elementor-section elementor-top-section elementor-element elementor-element-6225ba5 elementor-section-boxed elementor-section-height-default elementor-section-height-default\" data-id=\"6225ba5\" data-element_type=\"section\" data-e-type=\"section\">\n\t\t\t\t\t\t<div class=\"elementor-container elementor-column-gap-default\">\n\t\t\t\t\t<div class=\"elementor-column elementor-col-100 elementor-top-column elementor-element elementor-element-4b4a362\" data-id=\"4b4a362\" data-element_type=\"column\" data-e-type=\"column\">\n\t\t\t<div class=\"elementor-widget-wrap elementor-element-populated\">\n\t\t\t\t\t\t<div class=\"elementor-element elementor-element-7a55a8d elementor-widget elementor-widget-shortcode\" data-id=\"7a55a8d\" data-element_type=\"widget\" data-e-type=\"widget\" data-widget_type=\"shortcode.default\">\n\t\t\t\t<div class=\"elementor-widget-container\">\n\t\t\t\t\t\t\t<div class=\"elementor-shortcode\"><input type=\"button\" value=\"Back\" class=\"alg_back_button_input \" style=\"\" onclick=\"window.history.back()\" \/><\/div>\n\t\t\t\t\t\t<\/div>\n\t\t\t\t<\/div>\n\t\t\t\t\t<\/div>\n\t\t<\/div>\n\t\t\t\t\t<\/div>\n\t\t<\/section>\n\t\t\t\t<section class=\"elementor-section elementor-top-section elementor-element elementor-element-ffaf082 elementor-section-boxed elementor-section-height-default elementor-section-height-default\" data-id=\"ffaf082\" data-element_type=\"section\" data-e-type=\"section\">\n\t\t\t\t\t\t<div class=\"elementor-container elementor-column-gap-default\">\n\t\t\t\t\t<div class=\"elementor-column elementor-col-100 elementor-top-column elementor-element elementor-element-f79c0b6\" data-id=\"f79c0b6\" data-element_type=\"column\" data-e-type=\"column\">\n\t\t\t<div class=\"elementor-widget-wrap elementor-element-populated\">\n\t\t\t\t\t\t<div class=\"elementor-element elementor-element-d4d7ca5 elementor-widget elementor-widget-text-editor\" data-id=\"d4d7ca5\" data-element_type=\"widget\" data-e-type=\"widget\" data-widget_type=\"text-editor.default\">\n\t\t\t\t<div class=\"elementor-widget-container\">\n\t\t\t\t\t\t\t\t\t<p>Le pr\u00e9sent site est \u00e9dit\u00e9 par ARSATIS, SARL au capital social de 18 000 Euros, dont le si\u00e8ge social est situ\u00e9 au 8 rue Amp\u00e8re &#8211; 87220 FEYTIAT, dont le num\u00e9ro siret est\u00a048759800500030 et dont le t\u00e9l\u00e9phone est 05 55 30 55 90<\/p><p><span style=\"color: #000000; font-family: 'Open Sans'; text-align: center;\">L\u2019h\u00e9bergeur Online SAS \u2013 BP 438 \u2013 75366 PARIS \u2013 01 84 13 00 00\u00a0<\/span><\/p><p><span style=\"color: #000000; font-family: 'Open Sans'; text-align: center;\">Directeur de la publication : Laurent LAROUSSARIAS\u00a0<\/span><\/p><p><span style=\"color: #000000; font-family: 'Open Sans'; text-align: center;\">\u00a0<\/span><\/p>\t\t\t\t\t\t\t\t<\/div>\n\t\t\t\t<\/div>\n\t\t\t\t\t<\/div>\n\t\t<\/div>\n\t\t\t\t\t<\/div>\n\t\t<\/section>\n\t\t\t\t<\/div>\n\t\t","protected":false},"excerpt":{"rendered":"<p>Le pr\u00e9sent site est \u00e9dit\u00e9 par ARSATIS, SARL au capital social de 18 000 Euros, dont le si\u00e8ge social est situ\u00e9 au 8 rue Amp\u00e8re &#8211; 87220 FEYTIAT, dont le num\u00e9ro siret est\u00a048759800500030 et dont le t\u00e9l\u00e9phone est 05 55 30 55 90 L\u2019h\u00e9bergeur Online SAS \u2013 BP 438 \u2013 75366 PARIS \u2013 01 84 &hellip; <\/p>\n<p class=\"link-more\"><a href=\"https:\/\/arsatis.fr\/?page_id=3334\" class=\"more-link\">Lire la suite de<span class=\"screen-reader-text\">\u00ab\u00a0Mentions l\u00e9gales\u00a0\u00bb<\/span><\/a><\/p>\n","protected":false},"author":1,"featured_media":0,"parent":0,"menu_order":0,"comment_status":"closed","ping_status":"closed","template":"","meta":{"footnotes":""},"class_list":["post-3334","page","type-page","status-publish","hentry"],"_links":{"self":[{"href":"https:\/\/arsatis.fr\/index.php?rest_route=\/wp\/v2\/pages\/3334","targetHints":{"allow":["GET"]}}],"collection":[{"href":"https:\/\/arsatis.fr\/index.php?rest_route=\/wp\/v2\/pages"}],"about":[{"href":"https:\/\/arsatis.fr\/index.php?rest_route=\/wp\/v2\/types\/page"}],"author":[{"embeddable":true,"href":"https:\/\/arsatis.fr\/index.php?rest_route=\/wp\/v2\/users\/1"}],"replies":[{"embeddable":true,"href":"https:\/\/arsatis.fr\/index.php?rest_route=%2Fwp%2Fv2%2Fcomments&post=3334"}],"version-history":[{"count":10,"href":"https:\/\/arsatis.fr\/index.php?rest_route=\/wp\/v2\/pages\/3334\/revisions"}],"predecessor-version":[{"id":3594,"href":"https:\/\/arsatis.fr\/index.php?rest_route=\/wp\/v2\/pages\/3334\/revisions\/3594"}],"wp:attachment":[{"href":"https:\/\/arsatis.fr\/index.php?rest_route=%2Fwp%2Fv2%2Fmedia&parent=3334"}],"curies":[{"name":"wp","href":"https:\/\/api.w.org\/{rel}","templated":true}]}}